 - i**2 + 4*i - i**3. Let z be a(-2). What are the prime factors of (1 + -29)*((-28)/z - 2)?
3, 5, 7
Let m be (40/(-4) - -9)/(2/86). Let i = 293 - m. List the prime factors of i.
2, 3, 7
Let c be 5/((-15)/(-27)) + -12. Let n(z) = -54*z**3 - 5*z**2 + z + 23. List the prime factors of n(c).
1433
Suppose 81*w - 637670 = -29*w. What are the prime factors of w?
11, 17, 31
Let t = 281 - -410. Let j = t - 249. List the prime factors of j.
2, 13, 17
Let r be 3/(-2 - -7 - 14/3). Suppose -92 - r = -n. List the prime factors of n.
101
Let m(x) = -x**3 + 7*x**2 + 20*x - 7. Let w be m(9). Suppose 34 - 12 = w*t. Suppose 5*p - a - 525 = 0, 0 = 3*p + t*a + 2*a - 292. List the prime factors of p.
2, 13
Let u(t) = 737*t - 63. Let z be u(-4). Let m = -2011 - z. What are the prime factors of m?
2, 5
Let l(u) = u**3 + 31*u**2 + 53*u - 18. Let m be l(-29). Let z = 567 - m. What are the prime factors of z?
2, 5, 11
Suppose -26*y + 57767 = 22407. Suppose 580 = 5*n - y. List the prime factors of n.
2, 97
List the prime factors of 114/(-152) - (-108678)/8.
2, 3, 283
Let n(b) = -b + 14. Let k be n(-10). Suppose 20*a - k*a + 80 = 0. What are the prime factors of 3536/a + (-2)/(-10)?
3, 59
Suppose 3*p - 13 = 2. Suppose -p*z + 2*z = -6822. What are the prime factors of (-8)/28 - z/(-21)?
2, 3
Let s(t) = 12*t**2 - t + 2. Let z be s(-3). Let v be (-27 - (-30)/(-6))*3. Let u = z + v. List the prime factors of u.
17
Let m(z) = -2 + 30*z - 10 + 0. Let f(j) = -3*j**3 + 55*j**2 - 19*j + 22. Let u be f(18). What are the prime factors of m(u)?
2, 3
Suppose 5*f + 3220 = g - 835, -3244 = 4*f + g. Let p = -548 - f. What are the prime factors of p?
263
List the prime factors of 484346/8 - 16099/3788.
60539
Let w(y) = -y**2 + 2*y**3 - 3*y**3 + 20*y + 19 - 4 + 13*y. What are the prime factors of w(-10)?
3, 5, 13
Suppose 86*o - 20 = 96*o. List the prime factors of 4/(-60)*-5777 - o/(-15).
5, 7, 11
Suppose 3*p + 5*c - 61312 = 0, -5*c - 1614 - 18830 = -p. List the prime factors of p.
3, 757
Suppose -6*w - 1 = 11. Let l be (w - 0 - -3) + (10 - -292). Let v = l + -147. List the prime factors of v.
2, 3, 13
Let n be 14/(-77) + (-65)/(-55). What are the prime factors of (-5)/(n*(-4)/580)?
5, 29
Let d(f) = -f**2 - 7*f - 3. Let x be 4 - (-36)/(-3) - -2. Let n be d(x). Suppose 2*g + m = 30, n*g + 2*m = -m + 39. List the prime factors of g.
17
Let u(b) = 10*b - 167. Let f be u(17). Suppose -4*y - k + 3262 = 0, k = -f*y + 3*k + 2452. What are the prime factors of y?
2, 3, 17
Let h = -15 - -14. Let v(f) = 9*f - 2. Let g be v(h). Let w(o) = -o**3 - 9*o**2 + 14*o + 11. What are the prime factors of w(g)?
3, 11
What are the prime factors of (105/20 + -2 - 4) + (-1341999)/(-36)?
37277
Let j(b) = -b**3 - 17*b**2 - 15*b + 19. Let w be j(-16). Suppose -o - 4*m = -111, o + 72 = -w*m + 184. Suppose o = -n + 6*n. List the prime factors of n.
23
Let i(p) = p**2 + 14*p - 9. Suppose 0 = -4*y - 4*y + 64. What are the prime factors of i(y)?
167
Suppose 2*r = 5*n - 14, 2*r = -3*r + n - 58. Let g be (4 - 6) + 2 - r. What are the prime factors of (-2 - (-8)/1)*(g - 4)?
2, 3
Suppose 69579 = 3*r - b, 19629 = 4*r - 3*b - 73148. What are the prime factors of r?
2, 13, 223
Let c(b) = -105*b**2 - b. Let s be ((-4)/(-6))/(7*14/147). Let j be c(s). Let x = j - -198. What are the prime factors of x?
2, 23
Let y = -211 + 843. Suppose 6*t = -68 + y. Let d = 131 - t. What are the prime factors of d?
37
Suppose s = 4*h + 3826, 118*s - 114*s = h + 15349. What are the prime factors of s?
2, 19, 101
Suppose -4*o = -2*w - 11602, -9*w = 5*o - 6*w - 14475. Suppose -54*z + 47*z + o = 0. List the prime factors of z.
2, 3, 23
Let g(s) = -264 + 72 + 83 - s**2 + 90 - 32*s. List the prime factors of g(-15).
2, 59
Suppose -b + 1205 = 5*z, 0*b - 3*z = -5*b + 6053. Let m = -864 + b. Suppose 0 = -5*s - 4*n - 34 + 913, 0 = -2*s + 4*n + m. List the prime factors of s.
5, 7
List the prime factors of 2/7 - 877689/(-21).
5, 13, 643
Let m = -5436 + 6438. What are the prime factors of m?
2, 3, 167
Suppose -q + 3*u - u = -2, u = -5*q + 21. Suppose 0 = -2*n - 4*y - 20, -q*n - 5*y - 16 = 21. List the prime factors of ((-7360)/12)/n - 1/(-3).
7, 11
Let y(a) = 1130*a - 5265. List the prime factors of y(33).
3, 5, 7, 61
Let j(c) = 20*c**3 - 7*c**2 - 7*c + 6. Let m be j(-4). Let n = m - -2371. Suppose 329 - n = -9*l. List the prime factors of l.
2, 19
Let l(x) be the second derivative of -x**5/20 - x**4/12 - 7*x**3/6 - 11*x**2 - x + 20. List the prime factors of l(-8).
2, 241
Suppose 0 = -2*l + 4*a + 60, -3*l + 4*a + 144 = 2*l. Suppose -l*j = -30*j - 790. Let c = -252 - j. List the prime factors of c.
11, 13
What are the prime factors of (6 + -7)*-6333 - 1?
2, 1583
Let r = 118 - 128. Let h be r/(-30) - (-13)/(-3). Let x(q) = -32*q + 8. What are the prime factors of x(h)?
2, 17
Suppose 9*c - 11*c + 20 = -4*o, -3*c + 9 = o. What are the prime factors of 4 - (1 + 78/o + -1)?
2, 3, 5
Let r = -789 + 791. Suppose 0 = f - r*b - 1080, -5*b - 9 = 1. What are the prime factors of f?
2, 269
Let x be (-48 - -2)*(6/4 + -1). Let d be 2 + -2 - 32*x/2. Suppose 4*a - 2*a - 200 = -5*u, -4*a - 2*u = -d. List the prime factors of a.
2, 3, 5
Suppose 0 = l + 4*u - 93, 3*l - 4*u = 2*l + 77. Suppose -3*g + 4*g - 72 = 0. Suppose -g = -x + l. List the prime factors of x.
157
Let i be (-46 + 40)/(-2 - (0 - 4)). List the prime factors of -6 - -1 - (-6 + i) - -1679.
3, 11, 17
Let a(f) = f**2 - 5*f + 5. Let x be a(2). Let b be (-723)/(-1)*x/(-3). Suppose 8*c - b = 215. What are the prime factors of c?
3, 19
Suppose 3*w + 54 = -78. Suppose 0 = -5*m - d + 471, -4*d = -0*d + 16. Let c = m - w. What are the prime factors of c?
139
Let o be 3/(-2)*130/(-15). Suppose 0 = -2*r + 495 + o. Let y = r - 149. List the prime factors of y.
3, 5, 7
Let c = 400 + -382. List the prime factors of -2974*(-8)/96 + 3/c.
2, 31
Suppose 6*f - f - 4*v = -783, f + 4*v = -147. List the prime factors of 1*(1 - (f + -1 - -2)).
5, 31
What are the prime factors of ((-834827)/956)/((-2)/32)?
2, 7, 499
What are the prime factors of (-161 + 8435)/(4/8 + 1/2)?
2, 3, 7, 197
Let d(v) = -3*v**2 - 18*v + 18. Let y be d(-7). List the prime factors of ((-9)/(4 + 5))/(y/2283).
761
Suppose 66638 = 3*b - 1303. List the prime factors of b.
3, 7549
Let z(w) be the third derivative of -61*w**4/6 - 155*w**3/3 - 2*w**2 + 18*w. What are the prime factors of z(-6)?
2, 577
Suppose -2*n + 3*a - 6*a + 1285 = 0, 5*n - 3235 = -3*a. Let k = 320 + n. What are the prime factors of k?
2, 5, 97
Let j = 12 + 25. Let a(m) = 3*m**2 - 20*m - 16. Let f be a(7). Let s = j + f. List the prime factors of s.
2, 7
Let p(s) = -140*s - 58. Let t be p(4). Let z = 1242 + t. What are the prime factors of z?
2, 3, 13
Let q(y) = 10*y + 10. Let z be q(-38). Let l = 11 - z. What are the prime factors of l?
3, 127
Suppose -3257473 = -174*g + 654920 + 1691973. What are the prime factors of g?
31, 1039
What are the prime factors of (-423)/47 + 6748/7?
5, 191
Let v = -83 + 87. Suppose -v*a + 1135 = a. What are the prime factors of a?
227
Let i(n) be the third derivative of 127*n**4/24 - 5*n**3/3 + 2*n**2. What are the prime factors of i(5)?
5
Let z be ((-1412)/1765)/(1/((-5)/1)). Let o(t) = 21*t + 7. Let f be o(7). What are the prime factors of (f/(-10))/(-1) - z/10?
3, 5
Let d(p) = p**2 - p + 3. Let n be d(-2). Let x be 255/n - 8/6. Let q = 60 - x. List the prime factors of q.
3, 11
Let a = -14819 + 37157. List the prime factors of a.
2, 3, 17, 73
Suppose -18*k = -22*k - 820. List the prime factors of (-75)/25 - k/1.
2, 101
Let b(y) = y**3 - 11*y**2 + y - 17. Let q(o) = -o**2 + 33*o - 39. Let l be q(24). Let i be 5/25 - l/(-15). List the prime factors of b(i).
139
Let b(g) = 18*g**3 + 23*g**2 - 283*g + 41. List the prime factors of b(12).
89, 349
Suppose -3*j = h - 5*h + 2227, -2*h + 5*j = -1117. Let r = h + 6. What are the prime factors of r?
2, 281
Suppose 0 = -139*a + 1049350 + 344264. List the prime factors of a.
2, 3, 557
Let u = 5208 - 2619. Let x = u - 1539. What are the prime factors of x?
2, 3, 5, 7
Suppose 0 = -q - 3*a + 31706, 174559 = 4*q + 5*a + 47721. List the prime factors of q.
2, 991
Let q(j) = -4*j**2 - 11*j**2 - 39*j - 4 - j**3 - 14*j - 7. List the prime factors of q(-14).
5, 107
Let j = 1144 + -1143. Suppose 6 = 5*q - i - 22, 0 = 3*q - 4*i - 10. 